{"id":27,"date":"2023-03-26T03:10:00","date_gmt":"2023-03-26T03:10:00","guid":{"rendered":"https:\/\/novaveritas.org\/certificaciones\/?page_id=27"},"modified":"2025-11-02T15:52:44","modified_gmt":"2025-11-02T15:52:44","slug":"politicas","status":"publish","type":"page","link":"https:\/\/novaveritas.org\/certificaciones\/index.php\/politicas\/","title":{"rendered":"Pol\u00edticas"},"content":{"rendered":"<h4><a href=\"https:\/\/novaveritas.org\/certificaciones\/circulares\/Circular_008-declaracion-de-la-politica.pdf\" target=\"_blank\" rel=\"noopener\">Nuestra pol\u00edtica de la calidad<\/a><\/h4>\n<p>Novaveritas S.A. es un organismo de evaluaci\u00f3n de la conformidad cuyo principal compromiso es ofrecer servicios que consideren deleitar a nuestros clientes con el cumplimiento de sus requisitos, los requisitos legales aplicables y cualquier otro requisito pertinente.<\/p>\n<p>Para ello nos basamos en la filosof\u00eda de la mejora continua aplic\u00e1ndola a nuestro sistema de gesti\u00f3n; en el trabajo constante enfocado en cumplir las expectativas de nuestros clientes; en la mejora continua de las competencias de nuestro talento humano; en la gesti\u00f3n del riesgo, principalmente asociado a la prestaci\u00f3n de los servicios de certificaci\u00f3n, y de esta manera, salvaguardar la imparcialidad requerida; la trasparencia; la confidencialidad; la receptividad; la responsabilidad; la gesti\u00f3n oportuna de quejas, y solucionando cualquier <a href=\"https:\/\/novaveritas.org\/certificaciones\/circulares\/Circular_010-Codigo-de-etica.pdf\" target=\"_blank\" rel=\"noopener\">conflicto de inter\u00e9s<\/a> que pueda surgir.<\/p>\n<p>Con el prop\u00f3sito de asegurar este compromiso hemos declarado la siguiente <a href=\"https:\/\/novaveritas.org\/certificaciones\/circulares\/Circular_008-declaracion-de-la-politica.pdf\" target=\"_blank\" rel=\"noopener\">Pol\u00edtica de la Calidad<\/a><\/p>\n<h4><a href=\"https:\/\/novaveritas.org\/certificaciones\/circulares\/Circular_007-declaracion-imparcialidad.pdf\" target=\"_blank\" rel=\"noopener\">Declaraci\u00f3n de la imparcialidad<\/a><\/h4>\n<p>Novaveritas S.A., en adelante conocida incluso como <strong>Novaveritas Certificaciones<\/strong>, es un Organismo Evaluador de la Conformidad de sistemas de gesti\u00f3n. Nuestra actividad la desarrollamos bajo una estricta metodolog\u00eda de gesti\u00f3n del riesgo, la integridad, salvaguardando la independencia e imparcialidad de nuestras actuaciones, manteniendo la confidencialidad de la informaci\u00f3n, y una constante formaci\u00f3n para mejora la competencia t\u00e9cnica de nuestro talento humano.<\/p>\n<p>Es mediante el cumplimiento de estos principios que <strong>Novaveritas Certificaciones<\/strong> garantiza la prestaci\u00f3n del servicio de certificaci\u00f3n de manera eficaz y asegurando la plena satisfacci\u00f3n de nuestros clientes y dem\u00e1s partes interesadas.<\/p>\n<p>Con el prop\u00f3sito de asegurar este compromiso con la imparcialidad hemos documentado tal postulado en el siguiente documento denominado <a href=\"https:\/\/novaveritas.org\/certificaciones\/circulares\/Circular_007-declaracion-imparcialidad.pdf\" target=\"_blank\" rel=\"noopener\">Declaraci\u00f3n de la Imparcialidad<\/a>.<\/p>\n<h4><a href=\"https:\/\/novaveritas.org\/certificaciones\/circulares\/Circular_010-Codigo-de-etica.pdf\" target=\"_blank\" rel=\"noopener\">C\u00f3digo de \u00c9tica de Novaveritas<\/a><\/h4>\n<p>Nuestro c\u00f3digo de \u00e9tica sirve como un conjunto de principios y normas que gu\u00edan el comportamiento y las decisiones del talento humano en Novaveritas. Su prop\u00f3sito principal es fomentar un entorno \u00e9tico y promover la conducta responsable en todas las interacciones profesionales.<\/p>\n<p>El <a href=\"https:\/\/novaveritas.org\/certificaciones\/circulares\/Circular_010-Codigo-de-etica.pdf\" target=\"_blank\" rel=\"noopener\">C\u00f3digo de \u00c9tica de Novaveritas<\/a> sirve como un instrumento valioso para orientar el comportamiento \u00e9tico, fortalecer la cultura organizacional y promover la confianza y la integridad en las interacciones profesionales entre nuestro equipo de profesionales y nuestros clientes y otras partes intersadas.<\/p>\n<p>El <a href=\"https:\/\/novaveritas.org\/certificaciones\/circulares\/Circular_010-Codigo-de-etica.pdf\" target=\"_blank\" rel=\"noopener\">C\u00f3digo de \u00c9tica<\/a> junto con la adhesi\u00f3n a los <a href=\"https:\/\/novaveritas.org\/certificaciones\/circulares\/Circular_011-Principios-de-auditoria.pdf\" target=\"_blank\" rel=\"noopener\">Principios de Auditor\u00eda<\/a> constituyen las herramientas m\u00e1s poderosas de nuestros auditores para la eficacia del proceso de auditor\u00eda de tercera parte.<\/p>\n<h4><a href=\"https:\/\/novaveritas.org\/certificaciones\/circulares\/Circular_009-declaracion-de-la-politica-de-seguridad.pdf\" target=\"_blank\" rel=\"noopener\">Pol\u00edtica de Seguridad de la Informaci\u00f3n<\/a><\/h4>\n<p>La <a href=\"https:\/\/novaveritas.org\/certificaciones\/circulares\/Circular_009-declaracion-de-la-politica-de-seguridad.pdf\" target=\"_blank\" rel=\"noopener\">Pol\u00edtica de Seguridad de la Informaci\u00f3n de Novaveritas<\/a> es un documento que establece las directrices, principios y reglas para proteger la informaci\u00f3n dentro de una organizaci\u00f3n y de nuestras partes interesadas. Su prop\u00f3sito es proporcionar un marco formal que gu\u00ede la gesti\u00f3n de la seguridad de la informaci\u00f3n y establezca las expectativas y responsabilidades para todos los miembros de nuestra empresa.<\/p>\n<h5><a href=\"https:\/\/novaveritas.org\/certificaciones\/politicademarketing\/index.html\" target=\"_blank\" rel=\"noopener\">Pol\u00edtica de Comunicaci\u00f3n Comercial | Rev. 0 &#8211; 31.10.2025<\/a><\/h5>\n<p><a href=\"https:\/\/novaveritas.org\/certificaciones\/politicademarketing\/index-landing.html\" target=\"_blank\" rel=\"noopener\">Documentacion anexa de caracter t\u00e9cnico comercial<\/a><\/p>\n\n\n<script src='https:\/\/cdn.jotfor.ms\/s\/umd\/latest\/for-embedded-agent.js'><\/script>\n<script>\n  window.addEventListener(\"DOMContentLoaded\", function() {\n    window.AgentInitializer.init({\n      agentRenderURL: \"https:\/\/agent.jotform.com\/0195708d257c7916a17dce0a2c5b6ef4fdd6\",\n      rootId: \"JotformAgent-0195708d257c7916a17dce0a2c5b6ef4fdd6\",\n      formID: \"0195708d257c7916a17dce0a2c5b6ef4fdd6\",\n      queryParams: [\"skipWelcome=1\", \"maximizable=1\"],\n      domain: \"https:\/\/www.jotform.com\",\n      isDraggable: false,\n      background: \"linear-gradient(180deg, #6C73A8 0%, #6C73A8 100%)\",\n      buttonBackgroundColor: \"#0066C3\",\n      buttonIconColor: \"#FFFFFF\",\n      variant: false,\n      customizations: {\n        \"greeting\": \"Yes\",\n        \"greetingMessage\": \"Saludos, \u00bfc\u00f3mo puedo ayudarle?\",\n        \"openByDefault\": \"No\",\n        \"pulse\": \"Yes\",\n        \"position\": \"right\",\n        \"autoOpenChatIn\": \"0\"\n      },\n      isVoice: undefined\n    });\n  });\n<\/script>\n\n\n\n<p><\/p>\n","protected":false},"excerpt":{"rendered":"<p>Nuestra pol\u00edtica de la calidad Novaveritas S.A. es un organismo de evaluaci\u00f3n de la conformidad cuyo principal compromiso es ofrecer servicios que consideren deleitar a nuestros clientes con el cumplimiento de sus requisitos, los requisitos legales aplicables y cualquier otro requisito pertinente. Para ello nos basamos en la filosof\u00eda de la mejora continua aplic\u00e1ndola a [&hellip;]<\/p>\n","protected":false},"author":3,"featured_media":0,"parent":0,"menu_order":0,"comment_status":"closed","ping_status":"closed","template":"","meta":{"zakra_page_container_layout":"customizer","zakra_page_sidebar_layout":"customizer","zakra_remove_content_margin":false,"zakra_sidebar":"customizer","zakra_transparent_header":"customizer","zakra_logo":0,"zakra_main_header_style":"default","zakra_menu_item_color":"","zakra_menu_item_hover_color":"","zakra_menu_item_active_color":"","zakra_menu_active_style":"","zakra_page_header":true,"footnotes":""},"class_list":["post-27","page","type-page","status-publish","hentry"],"_links":{"self":[{"href":"https:\/\/novaveritas.org\/certificaciones\/index.php\/wp-json\/wp\/v2\/pages\/27","targetHints":{"allow":["GET"]}}],"collection":[{"href":"https:\/\/novaveritas.org\/certificaciones\/index.php\/wp-json\/wp\/v2\/pages"}],"about":[{"href":"https:\/\/novaveritas.org\/certificaciones\/index.php\/wp-json\/wp\/v2\/types\/page"}],"author":[{"embeddable":true,"href":"https:\/\/novaveritas.org\/certificaciones\/index.php\/wp-json\/wp\/v2\/users\/3"}],"replies":[{"embeddable":true,"href":"https:\/\/novaveritas.org\/certificaciones\/index.php\/wp-json\/wp\/v2\/comments?post=27"}],"version-history":[{"count":9,"href":"https:\/\/novaveritas.org\/certificaciones\/index.php\/wp-json\/wp\/v2\/pages\/27\/revisions"}],"predecessor-version":[{"id":605,"href":"https:\/\/novaveritas.org\/certificaciones\/index.php\/wp-json\/wp\/v2\/pages\/27\/revisions\/605"}],"wp:attachment":[{"href":"https:\/\/novaveritas.org\/certificaciones\/index.php\/wp-json\/wp\/v2\/media?parent=27"}],"curies":[{"name":"wp","href":"https:\/\/api.w.org\/{rel}","templated":true}]}}